1. Let f be (14/s)/(3/15). Let h(l) = -2*l**3 - 47*l**2 - 27*l - 36. Let c be h(-23). What is the greatest common factor of f and c?
14
Let a = 205 - 215. Let o be 70/a + (-260)/(-5). What is the highest common factor of o and 135?
45
Suppose 0 = -17*h + 18*h + 2*z - 39, 2*z + 60 = 2*h. Calculate the highest common factor of h and 462.
33
Let j(x) = 2*x**2 + x - 7. Let c be j(5). Suppose 3*i = 9, -6*l - 3*i = -2*l - 513. Suppose -73*g + 94*g = l. Calculate the greatest common divisor of c and g.
6
Let u(k) = 2*k**3 - k**2 - 8*k + 4. Let t be u(3). Suppose -6*l - 10 = -11*l. Suppose -l*r + 33 = -17. What is the highest common divisor of r and t?
25
Let m(a) = -3*a - 84. Let k be m(-29). Suppose -4*t = 5*d - 319 + 84, -4*d - 5*t + 179 = 0. Calculate the highest common factor of d and k.
3
Let q(u) = 206*u - 301. Let j be q(28). Calculate the highest common factor of j and 14.
7
Suppose -p + 161 = 4*p + k, 3*p - 103 = k. Let b be 34*(p/6 - 4). Calculate the highest common divisor of 3 and b.
3
Let a be ((-738)/15 + -12)/((-51)/(-15) + -3)*-1. Let k = 7 + 9. Let c = 1 + k. Calculate the greatest common factor of a and c.
17
Let k(j) = -240*j + 5143. Let t be k(19). Calculate the greatest common divisor of 1060 and t.
53
Let j be (23 + -77)/((-6)/32). Let h = j - 83. Let z = h + -110. Calculate the highest common divisor of z and 19.
19
Let s(q) = 2*q**2 - 22*q + 9. Let b be s(17). Let l = -178 + b. What is the highest common factor of 245 and l?
35
Suppose -9*f - 16*f + 750 = 0. Suppose -3*m + 3*m = 2*m. Let p be (-285)/(-15) - (m + 1 + -2). Calculate the greatest common factor of f and p.
10
Suppose -5*u + 10890 + 10436 = f, -3 = 3*u. Calculate the greatest common divisor of 257 and f.
257
Suppose 5*j + 4*o = 308 + 1512, j - 364 = o. What is the greatest common factor of j and 1612?
52
Suppose -5*f = -43*j + 41*j - 228, j = -5*f + 216. What is the highest common divisor of 1188 and f?
44
Let r(h) = 41*h - 35. Let x be r(2). Suppose -644 = -x*p + 108. What is the highest common divisor of p and 784?
16
Let y(t) = 3*t**2 - 1. Let o be y(1). Suppose -47*v + 5664 - 1616 = 41*v. Calculate the greatest common factor of v and o.
2
Suppose -131*g + 105*g + 5720 = 0. What is the greatest common divisor of 16 and g?
4
Let o be (1045/(-38) + 21)/((-2)/28). What is the greatest common divisor of 2626 and o?
13
Let z be ((-82890)/25)/((-3)/2*(-30)/(-150)). Calculate the highest common factor of 36 and z.
36
Suppose -d - 3*b = -1408, b + 5966 = 4*d + 282. What is the highest common factor of d and 20?
20
Let z = 59 - 2330. Let i be 105/70 + z/(-6) + -2. What is the highest common factor of 14 and i?
14
Let v be (-67)/(3/(-2)*(-10)/(-15)). Let j be (-720)/(-1) + 31 + -14. Calculate the greatest common divisor of v and j.
67
Suppose 0 = x - 13 + 7. Let t be x/(12/(-4)) - (-2)/2. Let n be 1458/36 + t/2. What is the greatest common factor of 32 and n?
8
Suppose 2*g - 47 = 25. Suppose 5*c - g = c. Let w be 2*c/6*1. What is the highest common factor of 39 and w?
3
Let x(w) = 5*w + 0*w + 3 - 4*w. Let r be x(12). Suppose 3*n - 4*d = 27 + r, -2*n - 4*d = -28. Calculate the greatest common divisor of n and 126.
14
Let q be (-3)/((-36)/1410*15/6). Suppose 0 = 43*x - q*x + 336. Calculate the greatest common divisor of 252 and x.
84
Let h = -65312 + 65559. Suppose -2*g - 3*c + 17 = 0, -g - 3*g = c - 49. What is the greatest common divisor of h and g?
13
Suppose 24926 = -137*h + 198896 + 172229. Calculate the greatest common divisor of h and 1463.
133
Suppose 260 = -2*r + 6*r. Let i = -60 + r. Suppose v + i*m = 20, -28 = -3*v - 3*m + 20. What is the greatest common divisor of 75 and v?
15
Suppose 40 = 4*r + 4*f, -r = 2*r - 2*f - 5. Suppose -20 = -r*h + 280. Let v be (-2 + 8/5)*-100. What is the highest common factor of h and v?
20
Let x = -198 - -221. Calculate the highest common factor of x and 2783.
23
Let n be (-33)/77 - 18/7. Let m be 63 + n/3 - (12 + -13). Calculate the highest common factor of m and 7.
7
Suppose 0 = -3*g + 5*h - 1769, -4*g = h + 2*h + 2378. Let s = 637 + g. Calculate the highest common divisor of s and 88.
44
Suppose -2*t = 2*w - 3*t - 12, 0 = -t - 2. Let d be 11/(w - 4 - 2/4). Let b(l) = -240*l + 2. Let q be b(-1). Calculate the greatest common factor of q and d.
22
Suppose 5*v - x - 523 = 0, v + 0*x = -x + 101. Let u = 27 - 54. Let f be 1/(-3) - 225/u. What is the greatest common factor of v and f?
8
Let l = -12768 + 14102. What is the highest common divisor of l and 522?
58
Suppose 871*b - 28 = 870*b + 4*v, 0 = 5*b - v - 26. Let r(l) = l**3 - 9*l + 2. Let x be r(6). Calculate the highest common factor of x and b.
4
Let j be 38 + (20 - (-110)/(-5)). Calculate the highest common divisor of 12168 and j.
36
Let g(h) = -45*h - 370. Let d be g(-58). What is the greatest common divisor of d and 140?
140
Let y(n) = -103*n - 1810. Let c be y(-19). What is the highest common factor of 357 and c?
21
Suppose 4*r + 16 = 40. Let m = -127 + 306. Suppose -m = -8*t - 35. What is the highest common divisor of t and r?
6
Let u be 10 - (-2)/4*-2. Let v be (-3)/(-3) - 2*(-148)/(-8). Let z = v + 99. Calculate the highest common factor of u and z.
9
Let p(s) = 112*s - 728. Let n be p(8). Let t be -15*((-96)/20 - -4). What is the highest common divisor of n and t?
12
Suppose 15*r - 28*r = 0. Suppose -37*c + 45*c - 2560 = r. Calculate the greatest common factor of c and 10.
10
Let i(q) = 15*q**2 - 15*q + 1. Let y be i(6). Calculate the highest common factor of y and 574.
41
Suppose -57*u - 39 = -60*u. Suppose -225 = -u*b + 282. What is the highest common divisor of b and 3?
3
Let d = 34 - 15. Let u be (810/72 + -11)/(2/1368). What is the highest common factor of d and u?
19
Let q(t) = -5*t**3 - 5*t**2 - 6*t + 12. Let v be q(-4). Let x = v + -271. What is the greatest common factor of 5 and x?
5
Let k(r) be the third derivative of r**4/6 - 23*r**3/6 + 63*r**2. Let j be k(9). Calculate the greatest common factor of 13 and j.
13
Let y = 75953 - 74993. Let n be 162/4 - (-3)/(-6). What is the highest common factor of n and y?
40
Let l(m) = 355*m + 257. Let d be l(-23). Let s be 248/620 + (d/10)/(-3). What is the highest common factor of s and 198?
66
Let n = -1926 - -2612. Calculate the greatest common factor of 259 and n.
7
Let i = 1460 - 355. What is the greatest common factor of i and 65?
65
Suppose 45 = 2*z - 3*d, -5*z + 40 + 50 = -3*d. Let q be z + -14*(-7)/14. What is the highest common factor of q and 77?
11
Suppose 0 = 3*z - r - 3, -4*z + 3*r + 2 = r. Suppose 35*w - 43*w = -1096. Let k = w - 115. What is the highest common factor of k and z?
2
Let h be 5*1 + 7 + 69 + (21 - 9). Calculate the greatest common factor of 6789 and h.
93
Let s(b) be the third derivative of -7*b**6/40 + b**5/15 - b**4/24 - b**3/6 - 10*b**2 + b. Let r be s(-1). Calculate the highest common divisor of 1225 and r.
25
Suppose 37*a = 68*a - 111104. What is the greatest common factor of a and 14?
14
Let x be 0/((6/(-18))/((-4)/24)). Suppose 104*d - 113*d + 9 = x. What is the greatest common divisor of d and 8?
1
Let v(s) = s**3 - 17*s**2 + 33*s - 40. Let x be v(15). Suppose -x*a - 406 = -1126. What is the greatest common factor of a and 90?
18
Let y(l) = 5 - 5 - 2*l + 16*l**2 - l**2 - l**3 - 2*l. Let i be y(14). What is the highest common factor of i and 210?
70
Let d(a) = 2*a**2 + a. Let p = 10 - 12. Let n be d(p). Let l(b) = 39*b - 36. Let u be l(1). What is the greatest common factor of n and u?
3
Let p(z) = -60 - 202*z - 4*z**3 + 5*z**3 + 206*z - 24*z**2. Let x be p(24). Calculate the greatest common factor of 18 and x.
18
Suppose -z = 5*o - 0*z + 751, 0 = 4*o + 4*z + 588. Let r = -295 - o. Let v = 265 + r. Calculate the highest common factor of v and 11.
11
Let g = 518 + -212. Let w = 320 - g. What is the highest common factor of 266 and w?
14
Let t(m) = 0 + 2 - 5*m + 6*m. Let u be t(11). Suppose 0 = 10*b + 26 - 676. Calculate the greatest common factor of b and u.
13
Let m = -723 + 288. Let n = m - -543. Calculate the greatest common factor of 48 and n.
12
Suppose 9*m + 8406 = 2*t + 5*m, -3*m = 3*t - 12591. What is the highest common divisor of 13 and t?
13
Let y(u) = -u**3 + 10*u**2 + 84*u - 7. Let p be y(15). Calculate the greatest common divisor of p and 3008.
64
Let q be (5/(125/300))/